luate -9 - (2 + -15 - -4).
0
What is the value of 8 - (8 - 7 - -10)?
-3
Evaluate 14 + -13 - (1 + 3).
-3
Evaluate 9 + (-25 + 6 - -7).
-3
Calculate 0 + 2 - (6 - (-4 - -7)).
-1
Calculate -15 - ((-20 - -5) + 6).
-6
What is the value of 28 + -32 - (-5 - -2) - 0?
-1
-4 - 1 - (-3 - (-2 - -2))
-2
What is the value of 0 - 1 - (5 - -9 - 9)?
-6
Calculate 14 + (0 - (9 + 2)).
3
What is (7 - -2 - 20) + 3?
-8
What is the value of (1 - 3) + (10 + -7 - 3)?
-2
Evaluate 23 + -19 + 2 + -7.
-1
What is the value of 1 + 2 + 1 - 5?
-1
What is the value of -2 + 1 + 8 + -2 + 0?
5
What is the value of -1 + -9 - -6 - (-3 + 0)?
-1
Calculate (10 - 5) + -4 + 1.
2
What is the value of (2 - 9) + 14 + -9?
-2
Calculate -4 + 1 - -2 - (17 - 13).
-5
What is the value of -5 + (2 + -5 - -7) + 1?
0
What is the value of -18 - ((-9 - -2) + -4)?
-7
What is -15 - -6 - (1 + -5)?
-5
Calculate (-9 - (7 - 9)) + 14.
7
Evaluate 7 + (3 - (10 - 4)).
4
Evaluate -34 + 42 + (1 - 14).
-5
What is the value of -3 + 0 + 2 - 2?
-3
Calculate (-2 - (-2 + 0)) + -1 + 6.
5
0 - (-4 - (-4 + (-1 - 3)))
-4
What is the value of 0 - 2 - (4 + -1)?
-5
What is the value of -12 + 6 + 20 + -6?
8
Calculate 3 + (-3 - (1 - 3)).
2
What is the value of -5 + 0 + -1 + (4 - 3)?
-5
Evaluate 2 - 7 - (0 - 4).
-1
What is the value of 1 + -3 - -1 - -5?
4
(-4 - -3 - -11) + -7
3
-1 - (0 - (-8 + 4 + 2))
-3
Evaluate -15 + 8 + -19 + 19.
-7
-1 + 2 - (-3 + 4) - 0
0
Evaluate 2 + -26 + 6 - -9.
-9
-4 + (3 - (-1 - -5))
-5
Calculate 6 + (-4 - -2) + -1 - 1.
2
What is the value of 16 - (5 + 9 + -1)?
3
-3 + 6 + (0 - (-4 + 4))
3
What is -14 - (1 + 3 + -12)?
-6
What is 0 - (0 + -1) - (-37 - -33)?
5
Evaluate -4 - ((2 - (11 + -1)) + 4).
0
What is (-10 - -6) + (6 - 3)?
-1
4 + -6 + (-2 - -4) - 7
-7
4 + 5 + -5 + -5
-1
Calculate 5 - (0 - 3) - 10.
-2
Evaluate -9 - (-3 - 1) - -6.
1
Evaluate -6 + 6 + (0 - 4).
-4
What is the value of (-4 - -12) + -8 + -5 + 6?
1
What is -5 - (-8 + (-6 - -5))?
4
What is the value of -1 + 1 - (-13 + 18)?
-5
What is 0 - (3 + -9 + 3)?
3
What is (-5 - -6) + -3 - (3 - 2)?
-3
(4 - (-1 + -2)) + -4
3
Evaluate -3 - (0 + -4 - -5).
-4
Calculate (-20 - -16) + (-1 - 0).
-5
Evaluate -1 + 12 + -5 + -3 - 2.
1
Calculate (-6 - (-12 - -9)) + 4 + 2.
3
Calculate -1 + (-2 - 0) + 1.
-2
Calculate -5 + 10 - 2 - 4.
-1
What is the value of (-1 - 2 - 0) + (-12 - -12)?
-3
Calculate 3 + (-7 - (-5 - 5)).
6
What is 32 + -38 - (-14 + 1)?
7
Evaluate -2 + (1 - 3) - (24 + -24).
-4
(6 - -1) + (-33 - -30)
4
What is (34 - 31) + -7 + 1 + 0?
-3
4 + (0 - (8 - 10))
6
What is the value of 3 + (-6 + 2 - -2)?
1
Calculate -1 + 2 + -3 - (-267 - -264).
1
Calculate 0 + -3 + 3 + -2 + 3.
1
What is the value of -9 - (2 + -4) - -7?
0
Evaluate 3 - (-3 + 7 + -6).
5
What is the value of (1 - 8) + (-3 - -7)?
-3
Calculate -9 - (-4 - -1) - -8.
2
-9 - (-12 - (-2 + -7))
-6
Evaluate 4 - (12 - 21 - -21).
-8
Evaluate -4 + 5 + -4 + -1.
-4
Calculate 3 + (-13 - (-1 + -5)).
-4
What is the value of 0 - (4 + -2 + (20 - 15))?
-7
What is the value of (-5 - -10 - 10) + 2?
-3
What is -8 + (-2 - 2 - -8) + 2?
-2
Evaluate 2 - 4 - -7 - 0.
5
What is the value of 8 + -1 + (-22 - -16) - -1?
2
2 + 2 + 5 + -8
1
What is the value of -7 - (3 - (9 - 3))?
-4
Evaluate -4 + 17 + -2 + -7.
4
Evaluate 10 + -6 + 2 + 4 + -18.
-8
5 + (11 - (5 + -3) - 6)
8
Calculate 11 + 1 - (2 - -4 - 0).
6
Calculate 1 - (-6 + 13 + -12 - -1).
5
Calculate -6 + -1 + 2 - -5.
0
Evaluate -1 - (2 + -2 + 16 + -18).
1
What is the value of 6 + -1 + 3 + -3 + -5?
0
Calculate 2 - (4 - (5 - 2)).
1
What is 3 - (8 - 2) - (-6 + -2)?
5
What is the value of -2 - (-14 + 13 + (0 - 1))?
0
What is the value of -2 - (3 + -1 + 1)?
-5
Evaluate 0 + (-5 - (2 + 2 + -6)).
-3
Calculate -9 - ((-6 - -1) + -1).
-3
Evaluate 5 + -11 + (1 + -1 - -2).
-4
Calculate 2 + (6 - (19 - 1)).
-10
Evaluate (6 - 0) + -11 + 10.
5
What is 10 - 4 - (-2 + 4)?
4
Evaluate (-73 - -70) + (-1 - 1).
-5
Calculate 1 - -3 - 5 - (1 - -3).
-5
1 + -7 + 10 + -3
1
Evaluate -5 + 9 - (1 + 1).
2
13 - ((4 - 4) + 1 + 6)
6
What is -19 - (-3 - 11) - -11?
6
Evaluate -2 + (0 - -2) - 3.
-3
What is 12 + (-7 - -1) + (6 - 8)?
4
Evaluate 2 + (-2 - (-2 - (6 - 3))).
5
Evaluate -1 + 2 - (-2 + 2 - -2).
-1
Calculate -1 - (2 + (-4 - 2) + 5).
-2
0 + -2 + 0 - (2 - 5)
1
Evaluate (0 - 1) + 0 + (23 - 20).
2
What is the value of -2 + 10 + (-10 - (0 - -3))?
-5
Evaluate (0 - (-1 + 0)) + 4.
5
Evaluate 6 - 16 - -16 - 0.
6
-3 + 12 + (6 - 12)
3
Calculate (5 + -9 - -2) + (0 - 2).
-4
(5 - 3) + (-13 - -6)
-5
Evaluate 4 + -8 + -1 + 2 + 3.
0
Evaluate -137 + 140 - (0 + -2).
5
What is the value of (2 - (-2 + 2)) + 2?
4
What is -118 + 118 + (2 - 10)?
-8
Calculate 8 + (1 - -3 - 6) - 0.
6
Calculate 3 + (8 + -4 - 6).
1
1 - 2 - (-3 + 7 - 5)
0
What is the value of 11 + -1 - (-25 - -33)?
2
-2 + 1 + 3 - 0
2
7 - (-1 - (5 - 8))
5
Evaluate 48 + -44 - (2 + -8).
10
Calculate 3 + 5 - 5 - (-3 + 1).
5
1 + (4 - -1) + -2
4
What is the value of -3 - (0 + -2 + (3 - 3))?
-1
What is the value of (-12 - (-1 - 7)) + 5 + 1?
2
What is the value of -2 - (-4 - -8 - 6)?
0
What is the value of (-1 - 11 - -10) + 7?
5
What is the value of 1 + -4 + 1 + (8 - 2)?
4
Calculate 0 - -3 - 0 - (-16 - -14).
5
What is the value of 11 - 21 - (-4 - 1) - -5?
0
What is -12 - (-8 - (-4 + 11))?
3
-9 + (2 - -2 - -3)
-2
2 - 2 - (-9 + 4)
5
Evaluate -6 - (-8 + 3 + 2).
-3
What is the value of 10 - (9 + 4) - (-1 + -11)?
9
Evaluate -8 + 1 + 2 - -3 - 0.
-2
What is 9 + (-3 - (5 - 0))?
1
-1 + (1 - -4) + -4 - 5
-5
Calculate 1 + 1 + (77 - 81).
-2
Evaluate -1 + (6 - (-2 + 3)) - 6.
-2
Calculate 12 + -1 - (210 + -207).
8
Calculate -6 + 4 - -2 - (5 + 0).
-5
What is (-1 - -2) + 1 + (5 - 3)?
4
0 - -1 - (3 - 4)
2
(-1 - (4 + -18)) + -8
5
(-7 - -2) + 3 + -3 + 2
-3
What is 5 - (-1 - (-7 + -3))?
-4
What is the value of -1 - -1 - (1 + 1 - -2)?
-4
3 - 10 - -4 - 1
-4
What is -5 - (3 + -5 + 1)?
-4
Calculate -1 - -5 - (-3 - (-1 + -3)).
3
What is the value of 7 + -19 + 4 + 6?
-2
Calculate 2 + -3 + -2 - (-4 - 0).
1
-5 + 11 + -3 + (-1 - 1)
1
(10 - 9) + 0 + -7
-6
(6 - (16 + -5)) + 0
-5
Evaluate -2 + 0 + 2 + -3 + 6.
3
Evaluate -7 - ((-4 - -11 - 4) + -5).
-5
What is -4 + (4 + -5 - -6) + 6?
7
(-89 - -82) + -3 + 4 + -2
-8
What is 12 + -7 + (2 - (4 - 2))?
5
-5 + (-1 + 1 - 0)
-5
0 + -4 + 17 + -12
1
What is the value of (-2 - 3) + 6 + -6?
-5
-1 - (-1 - 0 - -3 - 6)
3
Calculate -4 + -2 - (-19 + 7).
6
What is the value of -1 + (-2 - -6 - 2) - -3?
4
Calculate -4 + 2 + 3 + 45 + -46.
0
Calculate -4 + (1 - 2) - -10.
5
What is the value of 10 + -6 + 2 + 1 + -1?
6
Calculate -3 + (-4 - (-7 - (-4 + 2))).
-2
What is the value of 0 + 9 - (-7 + 11) - 0?
5
-4 - (2 - (-5 - -9))
-2
What is 8 + -2 + 0 + -9?
-3
What is the value of 130 + -135 - (0 + -2)?
-3
Calculate 86 - 70 - (-1 + 14).
3
2 + 1 + 8 + -12
-1
Evaluate -4 + (1 - 2) - -4.
-1
What is the value of 0 + (12 - 9) + (2 - 3)?
2
6 + (-2 - (3 - (-2 - -3)))
2
What is -3 + (-1 - (1 + -3)) + -1?
-3
What is -4 + (5 + (-6 - -4) - 2)?
-3
Evaluate -5 + (2 - (-10 + 5)).
2
Evaluate 10 - ((1 - 6) + (-2 - -7)).
10
Calculate 1 - (18 + -9) - (-2 - 3).
-3
Calculate -9 + (1 - 0) - (24 + -32).
0
2 + -1 + (10 + 0 - 3)
8
Calculate (-2 - -1) + 7 + -2 + -3.
1
(5 + 3 - 5) + -2 + 1
2
(1 - -8) + (4 - (8 - 3))
8
What is the value of (1 - 3) + (-8 + 2 - -9)?
1
11 + -7 - (-8 + 21 + 0)
-9
What is -6 + (1 - 3) + 9?
1
Calculate -4 + -3 - (-10 - (-8 - -3)).
-2
Evaluate -4 - (-5 + 4 + 0).
-3
What is 3 + (1 - (0 + 4)) + 4?
4
What is 0 - (-7 - (2 + -5) - -2)?
2
What is (5 - (9 - 4)) + 1 + -6?
-5
-1 + 5 - (17 + 5 - 8)
-10
Calculate 8 + -16 + 2 + 6.
0
Calculate (-1 - 0 - -1) + (-1 - 5).
-6
Calculate 3 - (5 - (1 - 0 - -5)).
4
What is the value of -3 + 4 - (5 + -8 + -1)?
5
-3 + 8 + 2 + -2 - 0
5
What is the value of -3 + (3 - 1) - 1?
-2
What is -10 - 0 - ((7 - 6) + -4)?
-7
Calculate 6 + -5 - -1 - (3 + 1).
-2
Evaluate 3 + -1 + 0 - (-15 - -16).
1
What is the value of 17 + -7 + -6 - 6?
-2
What is -9 - (3 - -3 - 10)?
-5
Calculate 0 + (-3 - (-7 - (-4 - 0))).
0
-2 + 6 - (-85 - -95)
-6
What is (-17 - -9) + (-2 + 2 - -17)?
9
What is the value of 1 + -7 - -2 - -2 - 5?
-7
Calculate (-1 - -6) + 11 + -15.
1
Evaluate 9 + -15 - -9 - 6.
-3
What is the value of 1 + (0 - (7 - 3))?
-3
Calculate -17 + 4 + 5 - -15.
7
5 + (1 - 0 - 4 - 0)
2
What is the value of -3 + (5 + 6 - 1)?
7
Evaluate -8 + 9 - (-1 - (4 + -1)).
5
What is 1 + (1 - 6) + 1 + 0?